-40)). What is the greatest common divisor of 9 and y?
9
Suppose -2*q + 32 = 2*q. Let i = -12 + 13. Let z(k) = 2*k**2 + k - 2. Let s be z(i). Calculate the highest common factor of s and q.
1
Suppose -3*g - 37 = -3*j + 38, -4*j = -2*g - 90. Calculate the greatest common factor of 220 and j.
20
Suppose 3*l = -4*s - 191, s + 0*s + 41 = -3*l. Let g = s + 70. Let u = 42 - g. What is the highest common divisor of u and 11?
11
Suppose -5*o = -2*o - 30. Let l = -4 + o. What is the highest common divisor of l and 2?
2
Suppose 5*f - 12 = 3. Let y be (-925)/(-74) + (1 - 3/2). What is the greatest common factor of y and f?
3
Let i(u) = u**2 - 34*u + 55. Let l be i(33). Let n(w) = w**3 + 2*w**2 + 3*w + 1. Let q be n(3). Calculate the greatest common factor of l and q.
11
Let l be (-1 + -1)/((-2)/(-267)). Let k = l + 410. Let b(v) = -6*v + 1. Let x be b(-2). What is the greatest common divisor of x and k?
13
Let a be 12/(-3 - -7) - -131. Let l = a - 80. What is the greatest common divisor of l and 6?
6
Let u = 31 - 19. Let l(z) = -4*z + 6. Let o = -1 - 5. Let d be l(o). Calculate the greatest common divisor of u and d.
6
Let d = 27 + -15. Suppose 3*u = u + d. Let w = 44 + -26. What is the greatest common divisor of u and w?
6
Suppose 0*o + 4 = -4*o. Suppose -3*s + 3*d - 3 = 0, 0*s = s - 2*d + 4. Let b be s + 1 - 69*o. What is the highest common factor of 9 and b?
9
Let z be (-165)/10 + (-1)/(-2). Let h = 17 - z. Calculate the highest common divisor of h and 11.
11
Let a be ((-5)/(-4))/(3/12). Suppose o + a*y - 25 = 0, 0*o - 3*o = -2*y + 10. Let c be -45*-1*(2 - o). What is the highest common divisor of c and 9?
9
Let h = 12 + -11. Suppose 0 = -4*l + 6*l + 4. Let v be -2*l/(-12)*-3. What is the highest common factor of h and v?
1
Let l = 50 + -12. Calculate the highest common divisor of l and 114.
38
Let l be 76 - (-6 - (-4 - -2)). Calculate the highest common divisor of 40 and l.
40
Suppose -9*z = -16*z + 546. Calculate the greatest common factor of z and 6.
6
Suppose 2*d - 15 = 3. Let r = 43 + -7. What is the greatest common factor of r and d?
9
Let g = -17 - -21. Suppose 2*j + 60 = g*j. What is the highest common factor of j and 75?
15
Let m(w) = w**3 + 4*w**2 - 4*w + 2. Let h be m(-4). What is the greatest common factor of 198 and h?
18
Let k = 56 + -46. Calculate the greatest common factor of k and 20.
10
Let r be (5/(-15))/((-2)/330). What is the highest common divisor of r and 5?
5
Let f(u) = -3*u - 6. Let a be f(-11). What is the greatest common divisor of 9 and a?
9
Suppose 4*r - 28 = 2*r. Calculate the greatest common factor of 7 and r.
7
Let n be 2/(-3)*(-708)/8. Let q = n + -9. What is the greatest common divisor of q and 20?
10
Suppose 2*x - 7*x = -15. Let c be x - (-2)/((-2)/(-17)). What is the greatest common factor of 10 and c?
10
Let x(k) = -k**2 - 4*k. Let g be x(-2). Let t = 0 - -2. Suppose t*p = g*p - 16. What is the greatest common factor of 12 and p?
4
Let b be (-2 - -42) + (-2 - -2). Calculate the highest common divisor of 8 and b.
8
Let c(o) = -3 + 4*o**2 - 2 + 6*o - 3*o**2 + 0. Let b be c(-7). Suppose b*q - 3*j - 240 = -3*q, -185 = -4*q + j. What is the highest common factor of q and 5?
5
Let r(o) = o**2 + 2*o - 6. Let y be 3/(-2) - 33/(-6). Let a be r(y). Calculate the greatest common factor of a and 36.
18
Let a be (-2 + -1 + -42)/(1/(-3)). What is the highest common factor of a and 15?
15
Let o = -5 - -6. Let w be o/((9/255)/3). Let z(p) = -p**3 + 4*p + 2. Let u be z(-3). Calculate the greatest common divisor of u and w.
17
Let w = 76 - 4. Suppose 0*x - 158 = 3*x + 5*r, -4*x - 208 = 4*r. Let v = w + x. What is the greatest common factor of v and 21?
21
Let h(w) = 3*w + 168. Let t be h(0). Calculate the highest common divisor of 56 and t.
56
Suppose -5*i + 3*i + 409 = 5*m, -m - 4*i = -89. Suppose 3*o - m - 9 = 0. Suppose 5*c = 2*c + o. What is the highest common factor of c and 30?
10
Let y(i) = -2*i + 3*i**2 + 0*i**2 + 0*i**2 - 4 - i. Let q be y(4). Let k be 76/10 + 2/5. Calculate the greatest common divisor of k and q.
8
Suppose -2*u - y = -10 - 2, -y = -5*u + 23. Let r = u - 4. Suppose l - 8 = -3*l. Calculate the greatest common divisor of l and r.
1
Let x(w) = w**3 - 7*w**2 + 4*w - 3. Let c be x(5). Let p = -19 - c. Calculate the greatest common divisor of p and 14.
14
Suppose 4*o = 2*o. Suppose u - 3*v + 4 - 26 = o, u = -5*v + 6. Let r be 2/(-9) + (-74)/(-9). Calculate the highest common factor of r and u.
8
Let u = -3 - -14. Let z be (-6)/4*176/(-24). Calculate the greatest common divisor of z and u.
11
Let z be (-1)/(2*(-1)/(-8)). Let i = 8 + z. Let d = -8 - -20. Calculate the highest common divisor of i and d.
4
Let c(y) = y + 2. Let g be c(-2). Suppose -3*i + 4 + 8 = g. What is the highest common divisor of i and 4?
4
Suppose -5*j = -4*j - 3. What is the greatest common factor of j and 9?
3
Suppose 3*q - 264 = -0*q. Let a = q - 139. Let x = a + 106. Calculate the greatest common factor of x and 11.
11
Suppose 5*t - 4*b - 10 = 0, -2 - 17 = -4*t + b. Suppose 2*z = t*z - 4. What is the greatest common divisor of z and 11?
1
Let q = 76 + -37. Suppose 2*h = -5*s - 15 + 48, -3*h + 3*s = -q. Suppose -m - 1 = -5*x - 11, -m + x + h = 0. Calculate the greatest common factor of m and 120.
15
Suppose -4*w + 3*w = -13. Calculate the greatest common factor of 143 and w.
13
Suppose 4*k = -k - 75. Let s be (k/(-6))/(-5)*4. Let v be 2 + s - 36/(-3). What is the highest common factor of v and 60?
12
Let o(s) = s + 1. Let g be o(3). Suppose -4*f = q - 124, g*f + q - 112 = 3*q. What is the greatest common divisor of f and 6?
6
Let z(p) = p**3 - 5*p + p**3 - 4*p - 3*p**3 + 8*p**2. Let k be z(6). What is the highest common factor of 45 and k?
9
Let i(g) = -3*g - 3. Let h be i(-2). Let w be 172/14 + 4/(-14). Calculate the highest common divisor of w and h.
3
Suppose -2*r + 2 + 8 = 0, q - 19 = -4*r. Let n be -4 + 18 + 3*q. What is the greatest common factor of n and 22?
11
Suppose -r - 4*r = -15. Suppose -37 = -r*i + 113. Calculate the highest common divisor of 20 and i.
10
Let k(s) = s**3 + 8*s**2 + 5*s - 10. Let z be k(-7). Let j be ((-60)/50)/(3/(-10)). Suppose -70 = -j*n - 6. What is the greatest common divisor of n and z?
4
Let b(x) = 2*x**3 + 2*x**2 - 3*x. Let i be b(2). What is the greatest common divisor of 9 and i?
9
Let z be (0 - (-4 + 6))*-2. Suppose -c + 330 = z*c. What is the highest common divisor of c and 6?
6
Let k be ((-1)/5*-4)/((-6)/(-75)). Calculate the greatest common divisor of k and 30.
10
Suppose 0 = -2*n - 38 + 128. What is the greatest common divisor of 360 and n?
45
Let q = 25 - 4. Calculate the greatest common factor of q and 3.
3
Suppose 2*v + 2*v = 152. Suppose -l = -2*l + v. Calculate the greatest common factor of l and 57.
19
Let o(p) = -15*p + 6. Let t be o(-6). Let r = -6 - -18. What is the highest common factor of r and t?
12
Let c be (-6)/21 - (-38)/(-14). Let h be -3 - ((-26 - 1) + c). Let s = h + 1. Calculate the highest common divisor of 4 and s.
4
Let f be -3 - (44/(-10) + 14/35). What is the highest common factor of 4 and f?
1
Suppose 102 - 27 = 5*g. Let c = g + -11. Suppose c*s + 4 = 8. What is the greatest common divisor of 1 and s?
1
Let v(j) = -j**3 + 4*j**2 - 3. Let q be v(3). Let f be (8/q*213)/1. Suppose -11 = 5*n + 9, -4*u + f = 4*n. What is the greatest common divisor of u and 30?
15
Let o(g) = g**3 - 6*g**2 + 6*g + 1. Let f be o(5). Let s = -6 + f. Suppose s = -0*j + j - 8. What is the highest common divisor of 32 and j?
8
Let i(c) = -12*c - 47. Let r be i(-4). Calculate the highest common divisor of r and 17.
1
Let w = 37 - 22. Suppose 4*j = j + w. Suppose -3 = -4*v + 1. Calculate the greatest common divisor of v and j.
1
Let w be 18*-5*(0 - (-6)/(-15)). What is the highest common factor of w and 60?
12
Let b(j) = 125*j**2 + 1. Let q(z) = z + 9. Let k be q(-10). Let l be b(k). What is the highest common factor of 14 and l?
14
Let y(n) = 6*n - 7. Suppose -25 = a - 6*a. Let x be y(a). Let c be (x - -1)*(-2 + 3). What is the highest common divisor of c and 60?
12
Suppose 0 = -0*j - 2*j + 30. Suppose 0 = k - j + 6. What is the greatest common factor of 99 and k?
9
Let n(f) = 3*f - 3 + 7*f**2 - f**3 + 1 + 0. Let t be n(7). Suppose -3 + t = 4*x. Calculate the highest common divisor of x and 10.
